 are the prime factors of v?
3, 37
List the prime factors of (1 - (6 + -3)) + (-388)/(-2).
2, 3
Suppose 0 = -5*i - 25 - 0. Let j = -5 - i. Suppose v - 2*s = 1, -2*v + 4*v - s - 5 = j. What are the prime factors of v?
3
Let i be ((-4)/5)/(4/(-10)). Suppose -m = -i*a - 6, 2*a - 6*a + 58 = 5*m. What are the prime factors of m?
2, 5
Let h(m) = -m**2 + 3*m + 3. Let d be h(3). Suppose 3*f - d*g - 6 = 0, -3*f - 3*g + 5*g + 11 = 0. List the prime factors of f.
7
Suppose 5*u - y - 985 = 0, -4*u + 5*y = -0*u - 809. What are the prime factors of u?
2, 7
Let i = 19 + -4. Suppose -n = -2*n + i. List the prime factors of n.
3, 5
What are the prime factors of (-2 - (-6 - 1))/1?
5
Suppose t = -3*t + 48. Suppose -5*z + t + 14 = -4*r, 0 = -3*z - r + 2. Suppose -5*k + 49 = -4*b, -b - 26 = -3*k - z*b. What are the prime factors of k?
3
Suppose -q - 5*x + 259 = 0, -q + 5*q - 3*x - 1082 = 0. What are the prime factors of q?
269
Let x = -2 + 5. Suppose -5*b + 53 = x. List the prime factors of 4/b - 116/(-10).
2, 3
Let p(g) = -g**3 - g**2 + g. Let m be p(2). Let y = m + 26. What are the prime factors of y?
2
List the prime factors of (45 - 2/2)/(2/5).
2, 5, 11
Let x = 29 - 21. List the prime factors of (2 - 0)/(2/x).
2
Suppose t + 4 = 2*t. Let w(i) = 2*i**2 - 6*i + 3. What are the prime factors of w(t)?
11
Suppose -4*u + h = 6*h - 287, -5*u + 2*h = -334. What are the prime factors of u?
2, 17
Suppose -2*s - 33 = -2*k - 3*s, -5*s = -k - 11. Suppose -45*i - 3 = -46*i. Suppose -i*n + 4 = -k. What are the prime factors of n?
2, 3
Let g = 4 + -1. What are the prime factors of (3 + g)*(-4)/(-6)?
2
List the prime factors of (2 + 0)*(-168)/(-16).
3, 7
Let b(c) = c**3 - 5*c**2 - 4*c - 7. Let n be b(6). Suppose 25 = n*m + 5*j, -2*j + 2 = -2. What are the prime factors of m?
3
Let r be (7/((-28)/24))/1. Let i(g) = g**3 + 7*g**2 + 2*g + 9. List the prime factors of i(r).
3, 11
Suppose 0 = -3*t + t - 4, -y + 5*t + 14 = 0. Suppose -y*o + c = -0*o - 65, -2*c = o - 5. What are the prime factors of o?
3, 5
Let d(q) = 0 - 10 - q**3 + 0*q + 10*q + 6*q**2. What are the prime factors of d(7)?
11
Let q(w) = -w - w**3 - 8*w**2 - 5 + 1 - 3*w + 2*w. List the prime factors of q(-8).
2, 3
Let l = -20 + 28. Let n be ((-33)/(-4))/(3/l). Let w = -16 + n. List the prime factors of w.
2, 3
Suppose -p + 4 = 4*w + 12, -8 = 5*p + 4*w. Suppose -28 = -h - p*h. Suppose h = 2*o + 2*o - 2*a, 5*a = 0. List the prime factors of o.
7
Suppose -4*h - 6*a = -2*a + 4, 5*h - 3 = 3*a. Suppose h*t = 5*t - 60. List the prime factors of t.
2, 3
What are the prime factors of ((-30)/(-8))/((-3)/(-60))?
3, 5
Let y(h) = 3*h**2 - 2*h**2 + 1 + 22*h**3 - 2*h - 5*h**3 + h**3. List the prime factors of y(1).
2, 3
Suppose 83 = -5*h + o, h - o - 3 = -18. Let n = h + 24. List the prime factors of n.
7
Let g = -36 - -62. What are the prime factors of g?
2, 13
What are the prime factors of (10/(-20))/(2/(-1252))?
313
Suppose 2 + 8 = 5*o. Let i = 42 - o. What are the prime factors of i?
2, 5
Suppose 32 = 4*h - 2*h. Let q = h - 2. What are the prime factors of q?
2, 7
Let i be (-1)/(-3) - (-609)/9. Suppose 4*t - i = -5*o, -3*t = o - t - 10. List the prime factors of o.
2
Suppose 4*v + 11 - 67 = 0. Let f = v - 24. Let n = f + 20. List the prime factors of n.
2, 5
Let w = 0 + -17. Let p = w + 30. What are the prime factors of p?
13
Let n(x) = -x**2 - 4*x + 3. Suppose -3*y = 11 - 2. What are the prime factors of n(y)?
2, 3
Let j(v) = 3*v - 13. List the prime factors of j(7).
2
List the prime factors of (1/2)/(2/156).
3, 13
Let i be (-3930)/(-26) - (-18)/(-117). Suppose -5*w - 2*c = -52 - i, c - 82 = -2*w. What are the prime factors of w?
3, 13
Let c(g) = 2*g**2 - 3*g + 4. List the prime factors of c(5).
3, 13
Suppose 6*c + 51 = 3*c + 3*a, 2*c = 4*a - 30. What are the prime factors of 2/(-1) + c/(-1)?
17
Let u(d) = d**3 - d**2 + d + 2. Let g(j) = j + 9. Let k be (-14)/(-21) - (-46)/(-6). Let s be g(k). List the prime factors of u(s).
2
Suppose -2*j = 3*j - 25. Suppose -j*c + 1 = 2*q, -2*q - 5*c = 3*q - 10. Suppose 82 = 5*g + 4*v, -2*v + q*v = -4*g + 70. What are the prime factors of g?
2, 3
Suppose 0 = 5*r - 92 - 88. List the prime factors of r.
2, 3
Let i = 4 + 6. Suppose -3*p = -0*p + 3. Let r = i - p. What are the prime factors of r?
11
Suppose 0 = -5*l + 5*m + 179 - 4, 0 = -5*l - 2*m + 140. List the prime factors of l.
2, 3, 5
Let s be -16 + 2/(1*-2). What are the prime factors of s/(-2) - (-3)/6?
3
Suppose 351 = 3*y + 3*a, 5*y - 885 = -a - 304. List the prime factors of y.
2, 29
Let w = -239 + 471. What are the prime factors of w?
2, 29
Let w(k) = k**3 + 5*k**2 - k - 2. Let d = -9 + 4. List the prime factors of w(d).
3
Let c(w) = 7*w**3 - w**2 - w - 1. Let a be c(-1). Let y(z) = z**2 - 9. Let k be y(a). Suppose 5*r - k = 15. What are the prime factors of r?
2, 7
Suppose k - 58 = -4*m - m, 39 = 3*m + 2*k. Let f(x) be the third derivative of x**5/60 - 11*x**4/24 + 5*x**3/3 - 5*x**2. List the prime factors of f(m).
2, 5
Let l(b) = 5*b**3 - 18*b**2 + 15*b - 20. Let g(h) = 2*h**3 - 6*h**2 + 5*h - 7. Let o(w) = -8*g(w) + 3*l(w). List the prime factors of o(-7).
2, 5
Let m be (-6)/(-27) + (-32)/(-18). Suppose -m*z - 100 = -680. List the prime factors of 6/21 - z/(-14).
3, 7
Suppose -4*t + 259 = -665. List the prime factors of t.
3, 7, 11
Let y be (4/(-5))/(4/30). Let l be (-1)/(-2 + (-9)/y). Suppose l*r + 3*z - 3 = r, -5*z = -4*r + 63. What are the prime factors of r?
2, 3
Let w(q) be the second derivative of 2*q**3/3 + q**2/2 + 3*q. List the prime factors of w(4).
17
List the prime factors of (-1 - (-7)/4) + (-2596)/(-16).
163
Let a(t) = t**3 - 3*t**2 + 4*t - 2. Let v be a(2). Suppose -3*i + 35 = 4*p, -3*i - v*p = -0*i - 31. Suppose 0*k - i = -k. List the prime factors of k.
3
Let b(w) = -w**2 - 6*w - 5. Let i be b(-4). Suppose 2*l - 21 = -3*f + 14, 15 = -i*f. Suppose 0 = -4*x - x + l. What are the prime factors of x?
5
Let g(d) = d**2 + 2*d - 3. Let b(y) = -y + 1. Let p be 16/3 + (-5)/15. Let n be b(p). List the prime factors of g(n).
5
Let x(z) = -z**2 + 6*z - 11. Let w be x(8). Let r = 17 + w. Let v = 19 + r. What are the prime factors of v?
3
Suppose -47 = 2*z + 5*r, 2*z + 0*r - r = -65. Let f = z + 62. List the prime factors of f.
31
Suppose 0 = 5*z + 3*v - 28, 2*z + 4*v = z + 9. Suppose -4*s + 5*c = -91, 4*s - 2*s - 43 = z*c. What are the prime factors of s?
2, 3
Let o(k) = -k**3 - 12*k**2 + 5*k + 15. Let t be o(-13). Suppose 0 = -6*f + t + 133. What are the prime factors of f?
2, 3, 7
Let v be (54/(-8))/(9/(-36)). Suppose -3*d = -d + 6, -4*j + v = 3*d. What are the prime factors of j?
3
What are the prime factors of (2 - 4) + 70 + 1?
3, 23
List the prime factors of (1 + 10)/(1/17).
11, 17
Let j = -30 + 14. Let f = -11 - j. What are the prime factors of f?
5
Suppose -32 = -3*a - 20. Let z(m) = 6*m - 11. Let v(g) = 2*g - 4. Let t(r) = 7*v(r) - 2*z(r). What are the prime factors of t(a)?
2
Let t be 18/4*4/6. What are the prime factors of ((-19)/(-4))/(t/12)?
19
Let h(j) = j**2 - 11*j - 5. Suppose 0 = -4*w + 6 + 6. Let y be (-12)/(-4) + 3*w. List the prime factors of h(y).
7
Let g = -187 - -289. What are the prime factors of g?
2, 3, 17
List the prime factors of (-6)/9*270/(-12).
3, 5
Suppose 0 = 2*o - o - 4. Let k(d) = d**3 - 3*d**2 - d. Let v be k(o). Suppose y + 0*y - v = 0. What are the prime factors of y?
2, 3
Suppose -11*t + 268 = -7*t. What are the prime factors of t?
67
Let s(n) = n. Let t be s(8). Suppose -t*h + 20 = -3*h. List the prime factors of 9/18 + 6/h.
2
Let j = 29 - 16. What are the prime factors of j?
13
Let y be (2 - 2)/(-1 + 2). Let c(z) = -z**3 - z + 2. Let b be c(y). Suppose 41 = 3*q - b*j, -4*q = -j - 4*j - 64. List the prime factors of q.
11
Let w = -10 + 3. Let y(h) = h**3 + 7*h**2 - h + 4. List the prime factors of y(w).
11
Let h be ((-6)/(-9))/(3/(-45)). List the prime factors of (4/h)/(12/(-1200)).
2, 5
Let d(b) = -b + 6. Let v be d(0). Suppose i + 125 = v*i. What are the prime factors of i?
5
Let d = -16 + 34. What are the prime factors of d?
2, 3
Let v be (1/(-1))/((-1)/2). Suppose -v*p = -0*p - 22. Suppose -b = -p + 2. What are the prime factors of b?
3
Suppose -4*k = -2*r - 2, -r - 1 = k + 4*k. Let y = k - 0. List the prime factors of (0 + y)/3 + 3.
3
Let z = -139 - -214. What are the prime factors